0321121 - 2102?
220313013
In base 7, what is -2660 - -56112?
53122
In base 8, what is 2541 - -13362?
16123
In base 6, what is 1 + 224543525?
224543530
In base 5, what is 11310002322 + 0?
11310002322
In base 6, what is 1044554 + -14055?
1030455
In base 7, what is -106 - -244524?
244415
In base 10, what is 14206 - 22349?
-8143
In base 3, what is -20202212211 + -1?
-20202212212
In base 8, what is 143612616 - -4?
143612622
In base 13, what is -40761b + -7?
-407625
In base 6, what is 35151 - -5120?
44311
In base 8, what is -5 - 2361460112?
-2361460117
In base 16, what is b776611 - -2?
b776613
In base 14, what is -2a81 + 550c?
286b
In base 10, what is -12674 - 128?
-12802
In base 16, what is -7e - 4f5ed0?
-4f5f4e
In base 9, what is 2680 - 280?
2400
In base 12, what is 179 + -12a785?
-12a608
In base 9, what is 12013083 + -1?
12013082
In base 5, what is 3120 + 411214101?
411222221
In base 13, what is 3 + 1325c41?
1325c44
In base 15, what is 1388 - -5553?
68db
In base 3, what is -112201 + 10020122202?
10020010001
In base 3, what is -200 + -10012020101011?
-10012020101211
In base 16, what is -12 + 488131?
48811f
In base 13, what is -5 + 12957c6?
12957c1
In base 9, what is 164 - 4778?
-4614
In base 5, what is -2331304 + -1003130?
-3334434
In base 9, what is 3 - 47887620?
-47887616
In base 5, what is -214 + -1121312?
-1122031
In base 2, what is 101000011010000100111001111 - 10?
101000011010000100111001101
In base 10, what is 4 + -324241?
-324237
In base 12, what is 140b - -b67?
2376
In base 2, what is 1000101001001101100000010000 - -101?
1000101001001101100000010101
In base 5, what is -113 - 33114304?
-33114422
In base 5, what is -10 - 313312224131?
-313312224141
In base 3, what is -111 - 22211220211120?
-22211220212001
In base 6, what is 132442212124 + -4?
132442212120
In base 3, what is -101222011 - -2002021120?
1200022102
In base 13, what is -c85701 - -2b?
-c856a3
In base 14, what is 12930 + 689?
131b9
In base 9, what is 308221281 - 6?
308221274
In base 13, what is -43c747 - 3?
-43c74a
In base 3, what is 11102020102 - -21122?
11102112001
In base 4, what is 123213002001 + -3?
123213001332
In base 12, what is -4 + 6107342?
610733a
In base 2, what is 101 + 101000100001111001110011011?
101000100001111001110100000
In base 11, what is 7 - 11210099?
-11210092
In base 12, what is 24 - -1b85053?
1b85077
In base 14, what is 2a401 + 38?
2a439
In base 10, what is 1337238 - 66?
1337172
In base 10, what is -17434 + -1531?
-18965
In base 3, what is -1210021220110 - 11211?
-1210022002021
In base 13, what is 5 - 1b72c6?
-1b72c1
In base 12, what is 36723 - 61?
36682
In base 9, what is 12004 - -4536?
16541
In base 9, what is -473 - 103026?
-103510
In base 6, what is -11234405 - 25?
-11234434
In base 13, what is -29 + -1447c8?
-144824
In base 11, what is 72947 - 10a2?
71855
In base 13, what is -17 + -1147b8?
-114802
In base 3, what is -112221 + 210210010?
210020012
In base 4, what is -31112 - -3311?
-21201
In base 8, what is 0 + -3530574?
-3530574
In base 2, what is 1111000001001011 + -10000?
1111000000111011
In base 5, what is 11 - 10342102304?
-10342102243
In base 9, what is 253 + -1187282?
-1187028
In base 16, what is 2 - 1340ab0?
-1340aae
In base 12, what is 190b69 - 8?
190b61
In base 11, what is 80 + -159920?
-159850
In base 3, what is -10200222100 - 11121?
-10201010221
In base 4, what is -22 - -30231?
30203
In base 6, what is -221520 + 221?
-221255
In base 15, what is e2606 - 29e?
e2357
In base 10, what is 445 + -1563?
-1118
In base 4, what is 1333001000 - 31031?
1332303303
In base 5, what is -30311302 + 10?
-30311242
In base 5, what is 21300402 - 1421?
21243431
In base 4, what is -12331333 - 12031112?
-31023111
In base 16, what is 1e + 1963?
1981
In base 6, what is -2112535 + 332?
-2112203
In base 16, what is 1684a - f8f?
158bb
In base 2, what is 1010111101110001111 - -1110001?
1010111110000000000
In base 2, what is -1 + -101001110100001100000111011?
-101001110100001100000111100
In base 9, what is 0 - -24345008?
24345008
In base 11, what is -58a2874 + 0?
-58a2874
In base 6, what is 11202 + -30552?
-15350
In base 16, what is 6 + -13963a8?
-13963a2
In base 8, what is -1 + 167060246?
167060245
In base 6, what is -422315234 + 1?
-422315233
In base 9, what is -1364 + -47817?
-50282
In base 9, what is -16415 - -3742?
-12563
In base 2, what is -10011111101010001110010110010 - 100?
-10011111101010001110010110110
In base 15, what is -2 + 29056b2?
29056b0
In base 16, what is -1 - -1a94d1?
1a94d0
In base 2, what is 1011 - 111101100000110100001?
-111101100000110010110
In base 9, what is 174221188 + 4?
174221203
In base 15, what is -76 + -2b24bb?
-2b2542
In base 6, what is -301 - 50141255?
-50142000
In base 13, what is 4166c1 + -3?
4166bb
In base 10, what is -145395 + -106?
-145501
In base 7, what is -12321544 + 605?
-12320636
In base 12, what is -36 + 50281a?
5027a4
In base 15, what is -157d + -7b?
-1609
In base 11, what is -a0911 - 39a8?
-a4809
In base 11, what is 1 + 2376557?
2376558
In base 4, what is 30 + -31213011101?
-31213011011
In base 3, what is 122 + 12102000020201101?
12102000020202000
In base 16, what is 1043 - -6b33?
7b76
In base 4, what is 210 - -13131311230?
13131312100
In base 11, what is 1886 + -10485?
-96aa
In base 5, what is -313 - 210013413?
-210014231
In base 15, what is 32d186 + 1?
32d187
In base 12, what is 39aa + -1187?
2823
In base 10, what is -14 + -1394509?
-1394523
In base 16, what is -a6c2c + 0?
-a6c2c
In base 16, what is -66ec2 - -3?
-66ebf
In base 9, what is -641853372 + 5?
-641853366
In base 11, what is -2998 - -4350?
1463
In base 11, what is -33860 + -9105?
-41965
In base 13, what is -2ba840 + -121?
-2ba961
In base 15, what is -a0e + 5759?
4c4a
In base 11, what is 43278 - 1721?
41657
In base 5, what is 23 - 23131430?
-23131402
In base 9, what is 332 + 834175?
834517
In base 16, what is 1f393 - 159?
1f23a
In base 5, what is 13412314404 + -3?
13412314401
In base 2, what is 101111000110110111000100011000 - -100?
101111000110110111000100011100
In base 12, what is -518a - 218b9?
-26a87
In base 8, what is -2553 - 567611?
-572364
In base 7, what is -44302555 - 2?
-44302560
In base 3, what is -12010002201 - 200012002?
-12210021210
In base 14, what is -2 - -1854b823?
1854b821
In base 16, what is -10 - 396aa?
-396ba
In base 10, what is 357936 + -208?
357728
In base 5, what is 2 - 104133311204?
-104133311202
In base 5, what is -114444201 - -4?
-114444142
In base 7, what is 125 + -115466462?
-115466334
In base 3, what is 20 + 12010221022221011?
12010221022221101
In base 2, what is 110100110001001100110010 - -100?
110100110001001100110110
In base 12, what is 810 - ba02?
-b1b2
In base 9, what is -1510 + -655?
-2265
In base 6, what is -35 - 113542150?
-113542225
In base 9, what is 775455342 + 4?
775455346
In base 7, what is -1420 - -1236360?
1234640
In base 9, what is -642 + -153328?
-154071
In base 3, what is 201 - -120222201202?
120222202110
In base 9, what is -268880240 - 4?
-268880244
In base 8, what is 26263514 + -12?
26263502
In base 11, what is 102a - 38341?
-37312
In base 14, what is -2c09134 + -b?
-2c09141
In base 3, what is -201222121 - -2022102?
-122200012
In base 8, what is -60 + -70312?
-70372
In base 2, what is 1001110000101111010 + 1000000110?
1001110001110000000
In base 5, what is -111 + -444304333?
-444304444
In base 7, what is -10025044 - 1352?
-10026426
In base 11, what is -107186 + -70?
-107246
In base 6, what is -125 - -1115342210?
1115342041
In base 10, what is -4405 - -52845?
48440
In base 12, what is -6832 - a9b?
-7711
In base 11, what is 614a0381 + 3?
614a0384
In base 3, what is -20 - -1020202020122?
1020202020102
In base 11, what is -2107 + -694?
-27a0
In base 10, what is -155 - -493195?
493040
In base 16, what is 20 - 4302?
-42e2
In base 9, what is 46007 + -10037?
35860
In base 5, what is -443320202 - 1?
-443320203
In base 15, what is -cc4 + -3c?
-d11
In base 16, what is -e44b13 - -4?
-e44b0f
In base 11, what is 2a7a - 3432?
-463
In base 16, what is -5 + -4d99d4?
-4d99d9
In base 14, what is -5 - 3bdab0?
-3bdab5
In base 12, what is 0 - 1445043?
-1445043
In base 9, what is 22854674 - -2?
22854676
In base 4, what is 112311013 - -3?
112311022
In base 3, what is 10120212011021 - 1121?
10120212002200
In base 5, what is 133031 - -1043